5 = -3*q, -l - 8 + 32 = 5*q. Let g(u) = -3*u**3 - u**2 - u - 1. Determine g(l).
2
Let v(i) = -9*i**3 - i**2 + i - 1. Let z(c) = c**2 - 20*c - 124. Let k be z(25). Determine v(k).
-10
Let n(q) = 0 - 23*q**2 - 10*q + 14*q - 3*q**3 + 26*q**2 - 10 + 2*q**3. Give n(3).
2
Let f(o) = -o**2 + o + 2. Suppose 2*r + s + 4 = 0, r + s + 8 = -s. Suppose -4*l = -r*l + 52. Let m = -13 - l. What is f(m)?
2
Let a(r) = r**2 - 5*r - 2. Let f be a(6). Let t(i) = -2*i + 7*i - 4*i + 0*i. Let o be t(f). Let m(n) = n**2 - 4*n + 4. What is m(o)?
4
Let p(r) = r**3 + 5*r**2 + r - 4. Suppose y - 3*h = -17, -11 = 5*y - h + 4. Determine p(y).
6
Suppose 0 = -2*f + 89 - 91. Let d(y) be the second derivative of -3*y**5/5 - y**4/12 + y**2/2 + 14*y. What is d(f)?
12
Let u(c) = -206693*c + c**2 - 2*c**2 - 1 + 206694*c. What is u(2)?
-3
Let d(k) = -17*k - 4. Let l(c) = 12*c + 3. Let f = 110 + -103. Let n(s) = f*l(s) + 5*d(s). Let a(b) = b**2 + 4*b - 1. Let h be a(-3). Give n(h).
5
Suppose -3*x + 11 = 2. Let m(o) = 3*o - 6*o**2 - 5*o - o - o**x + 7. Let u(k) = -5*k + 140. Let w be u(29). Calculate m(w).
-3
Let r be 2/(-7) - 16/(-7). Suppose 4*u - 22 = -3*o, 3*u - 22 = -2*o - 3*o. Let b(q) = -q - 1 + 0 + 12*q**3 + 0*q**o - q - 2*q**r. What is b(-1)?
-13
Let z(h) be the second derivative of -h**5/10 - h**4/6 - h**2/2 - 207*h. What is z(-2)?
7
Suppose 0 = -36*c + 22 + 14. Let r(k) = -7*k + 8. Determine r(c).
1
Let z(b) be the second derivative of 5*b - 1/240*b**6 + 1/30*b**5 - 1/6*b**4 + 0 + 0*b**3 + 0*b**2. Let h(l) be the third derivative of z(l). Calculate h(3).
-5
Let n(g) = -g**3 - 10*g**2 + 4*g + 2. Let a be n(-8). Let y = a + 104. Let u be 234/y - (-2)/(-3). Let b(d) = d + 6. Determine b(u).
1
Let q(a) = a**2 + 10*a + 9. Suppose -1 = -5*g + 29. Let w be (-105)/20 - g/8. Calculate q(w).
-15
Let h(q) be the third derivative of q**5/60 + 7*q**4/24 - q**3/2 + 727*q**2. What is h(-7)?
-3
Let n(g) be the third derivative of g**6/120 - g**5/60 + g**3/2 - 3*g**2 - 3*g. Calculate n(2).
7
Suppose -120 = 8*c - 3*c. Let t = c - -26. Let v(o) = -7*o**2 + 7*o + 8. Let z(h) = -6*h**2 + 6*h + 7. Let n(a) = -5*v(a) + 6*z(a). What is n(t)?
0
Let m(f) be the third derivative of f**4/6 + f**3/3 + 134*f**2. Determine m(-2).
-6
Let d(v) = v + 7. Let w(s) = -7*s + 19*s - 4 - 9*s + 0. Let h be w(-2). What is d(h)?
-3
Let b(d) = -3*d. Let x(y) = y + 5. Suppose -24 = 2*u - 4*f, u - 28 = 4*u - 4*f. Let o be x(u). Give b(o).
-3
Let l be 1 + -4 - 6/(-60)*-50. Let o(s) = -s**3 - 7*s**2 + 8*s + 4. What is o(l)?
4
Suppose 8 = -4*f - 2*y, -y + 4 = 6. Let i(q) = -3*q**2 - 2*q - 2. What is i(f)?
-3
Let d(l) = l**3 + l - 1. Let h(q) = -6*q**3 + 123*q**2 - 123*q**2 + 3 - 2*q. Let c(f) = 3*d(f) + h(f). Calculate c(-1).
2
Let p be 6/(-9)*3 + 3. Let s be 8 + (-3 - p) - 8. Let u(a) = -9 + 0*a - 3*a**2 + 4*a**2 + 5 + 3*a. Give u(s).
0
Let j = -4 + 5. Let y be 1 + -1 + j + 0. Let w(g) = -5*g + 1. Let s(n) = -14*n + 3. Let d(q) = -3*s(q) + 8*w(q). Give d(y).
1
Suppose 3*v - 1281 = -4*v. Let p(y) = y**3 - 2*y**3 - v*y + 181*y + 1. Give p(2).
-11
Let w(o) = 3*o**2. Let z be 18/(-81)*-3 - (-1)/3. Determine w(z).
3
Let g(m) = m**3 - 7*m**2 - 7*m - 2. Suppose 4 + 20 = 3*s. Let u be g(s). Let l(o) = -o**2 + 7*o - 4. Give l(u).
2
Let g be (10 - 2) + -8 - -9. Let f(a) = 12 - 5 - 3*a**2 + 4*a**2 - 11*a. Determine f(g).
-11
Let r(x) = x**2 + 6*x + 6. Suppose 2*d - 8 = 4*d. What is r(d)?
-2
Let m(b) = -11*b. Suppose -5*v + 14 = -3*v. Let y(n) = -12*n. Let d(h) = v*m(h) - 6*y(h). Let u(t) = t**3 - 6*t**2 - 6*t - 6. Let p be u(7). Determine d(p).
-5
Let h(i) = -3*i + 115 - 115. Let w(b) = b**3 + 16*b**2 + 29*b + 18. Let d be w(-14). What is h(d)?
-12
Let t(s) = 5*s**2 - 9*s - 9. Let w(a) = 3*a**2 - 5*a - 5. Suppose -5*u + 3*n = 9 - 59, 0 = 4*u + 3*n - 13. Let c(o) = u*w(o) - 4*t(o). Determine c(3).
13
Suppose 0*s + 5*s + 30 = 0. Let r be 8/20 + 86/10. Let i(z) = 0*z - 8 + 8*z**2 + 1 - r*z**2 - 7*z. Determine i(s).
-1
Suppose 0 = 4*p + 12, 78*k - 3*p = 74*k + 21. Let h(z) = z**2 - 3*z - 2. Give h(k).
-2
Let o(q) = -q**3 - 6*q**2 + 9*q + 9. Let d = -849 + 842. Calculate o(d).
-5
Let k(f) = -5 + 6*f + 4 - 4 - f. Let v(z) = 4*z - 5. Let t(w) = -2*k(w) + 3*v(w). Determine t(-5).
-15
Let n(q) = -18*q - 4. Let y(a) = 12*a + 3. Let u be 4/16 + 54/8. Let o(k) = u*y(k) + 5*n(k). Suppose 2*m = 10, -25 = s - 6*s - 3*m. What is o(s)?
-11
Let q(h) = 23*h - 469. Let v be q(20). Let w(a) = a**3 + 8*a**2 - 9*a + 10. Determine w(v).
10
Let j(d) = 3*d**2 + 7*d - 25. Let c be j(-4). Let m(o) be the second derivative of -1/2*o**4 + 0 - 3/2*o**2 + 2*o - 1/20*o**5 - 5/6*o**3. Give m(c).
-3
Suppose -39 = -14*l + 31. Let q(f) = f**3 - f**2 - 1. Let g(y) = 5*y**3 - 9*y**2 - y - 9. Let h(z) = g(z) - 4*q(z). Calculate h(l).
-10
Let t(r) = -3 + 13*r + 8*r - 23*r. What is t(-2)?
1
Let c(g) = 6*g**3 + g**2. Let n(l) = l**3 - l**2 + 3*l + 5. Let q be n(0). Suppose 2*r = 3*f + 11, -3*f = q*r + 2*f + 10. Determine c(r).
7
Suppose 0 = 10*w - 50. Let n(s) = -2*s**2 + 7*s - 1. Calculate n(w).
-16
Let g(w) be the third derivative of 2*w - w**2 + 0 + 1/24*w**4 + 0*w**3 + 1/20*w**5. Calculate g(2).
14
Let g be 1 - (0 - (-1 + 3)). Let y(x) = x**2 + 9*x + 18. Let w be y(-3). Suppose w = -4*m + g*m - 6. Let r(j) = j**2 + 4*j - 3. Determine r(m).
9
Let u = 2114 - 2117. Let p(n) = n + 3. What is p(u)?
0
Let b(i) be the third derivative of i**9/10080 - i**7/5040 - i**5/12 - 5*i**2. Let s(v) be the third derivative of b(v). Give s(-1).
-5
Let q be 12*(-8)/(-6)*(-12 - -9). Let b be (-3)/15 + q/10. Let x(l) = l**2 + 5*l + 4. Calculate x(b).
4
Suppose 5*f - 173 = -168. Let u(a) = -3*a**3 + a**2 - 2*a + 2. Calculate u(f).
-2
Let s(l) = l - 11. Let f be s(6). Let c(g) = -g**3 - 4*g**2 + 6*g + 3. Let y be c(f). Let a(z) = -8*z**2 - 4*z - 3. Give a(y).
-27
Let z(s) = s**3 + s**3 + s**3 - 116*s**2 - 2*s**3 + 1 - 2*s + 115*s**2. Give z(2).
1
Suppose 3*y - f = 17, 0 = -3*y + 8*y - 5*f - 35. Let z(q) = 4*q**3 - 3*q**3 + 1 + y*q**2 + 22*q - 27*q. Let b = -6 - 0. What is z(b)?
-5
Let w be 0 - 4 - (-13 - (0 - 2)). Let n(d) = d**3 - 6*d**2 - d - 3. Determine n(w).
39
Let r(k) be the third derivative of -k**6/120 - k**5/60 - k**4/24 - k**3 - 2*k**2 - 88. Determine r(0).
-6
Let j(z) = -9*z**2 + z - 6. Let r(o) = -o**3 + 5*o**2 - 2*o + 3. Let m be r(4). Let c(g) = 17*g**2 - 2*g + 11. Let s(q) = m*j(q) + 6*c(q). Determine s(-1).
4
Let t = 57 + -51. Let i(p) = 5*p**2 + 7*p + 1. Let m(s) = -4*s**2 - 6*s - 1. Let a(q) = t*m(q) + 5*i(q). Determine a(3).
5
Let i(g) = -7*g + 1. Let j(o) = -20*o + 2. Let q be ((-28)/10)/((-1)/5). Let m(l) = q*i(l) - 5*j(l). Let u = -672 - -669. Calculate m(u).
-2
Let d(h) = -h**3 - 7*h**2 - 7*h + 7. Let s = 2 - 2. Let a(b) = b**2 + b - 6. Let c be a(s). What is d(c)?
13
Suppose -8*z - 13 = -3*z - 4*f, f + 18 = -3*z. Let i(q) = q**3 + 3*q**2 - 11*q. Let a be i(z). Let w(b) = b**3 - 4*b**2 - 8*b + 5. What is w(a)?
-10
Let j(n) = -n**2 + 9*n - 14. Let b be j(4). Let a(h) = h - 4. Calculate a(b).
2
Suppose 2*a = -a. Suppose a*b + 2*k = -2*b + 48, -5*k + 74 = 3*b. Let c = -18 + b. Let u(w) = -w**3 + 4*w**2 + 4*w + 7. Calculate u(c).
2
Let s(n) = -n + 5. Let v(d) = d**2 - 13*d + 12. Suppose -6*b = -2*b - 48. Let o be v(b). Calculate s(o).
5
Suppose -3*a + 2 = 8. Let x(j) = -j**3 - j**2 + 3*j + 5. Let h(o) = 2*o**3 + 3*o**2 - 7*o - 11. Let g(q) = a*h(q) - 5*x(q). Determine g(0).
-3
Let x(d) = d - 7. Suppose 0 = 3*g - 8*g - 25. Let w(n) = -n + 3. Let c(z) = -z**3 + 4*z**2 + 6*z - 7. Let s be c(5). Let t(u) = g*w(u) + s*x(u). Give t(3).
8
Let g(a) = -a**2 + 6*a - 8. Suppose 0 = 3*s - 82 + 19. Suppose 0*b = -3*b + s. Let z = b + -1. Determine g(z).
-8
Let d(s) be the third derivative of -s**5/20 + s**4/24 - 3*s**3/2 - 15*s**2. Let n be d(0). Let g(b) = -b - 13. Determine g(n).
-4
Let r(d) = -12*d + 5. Let b(m) = -7*m + 3. Let y(i) = -5*b(i) + 3*r(i). Determine y(2).
-2
Let c(t) = -t - 9. Suppose -2*p + 20 = -f, 0 = 4*f - 2*p - p + 55. Calculate c(f).
1
Suppose 3*u = 5*u. Suppose 2*q + k - 4 + 3 = u, 0 = -2*q - 3*k - 5. Let s(z) = 2 - 4*z + 0*z + 3*z - 5*z. Calculate s(q).
-10
Let w(o) = -3*o - 6. Let t be w(-4). Let p(u) = -u**3 - 3*u**2 - 11*u + 12. Let g(i) = 3*i**3 + 5*i**2 + 24*i - 30. Let d(c) = -2*g(c) - 5*p(c). Give d(t).
6
Let u = -819 + 816. Let l(r) = -9*r**3 - r**2 